{"id":2119,"date":"2021-07-14T14:47:14","date_gmt":"2021-07-14T14:47:14","guid":{"rendered":"https:\/\/arkeomat.com\/?post_type=product&#038;p=2119"},"modified":"2021-07-14T14:47:14","modified_gmt":"2021-07-14T14:47:14","slug":"log076","status":"publish","type":"product","link":"https:\/\/arkeomat.com\/index.php\/producto\/log076\/","title":{"rendered":"LOG076"},"content":{"rendered":"<p>Cer\u00e1mica hallada en el yacimiento de Hospital Viejo , ubicado en Logro\u00f1o (La Rioja). Este yacimiento se excav\u00f3 en 2009 y posteriormente se realizaron varios trabajos arqueom\u00e9tricos.<br \/>\nCronolog\u00eda:  1500-1533<br \/>\nTipolog\u00eda: Vidriado Estannifero<br \/>\nForma:  Cuenco (Servicio de mesa)<br \/>\nGrupo qu\u00edmico: TER<br \/>\nDatos qu\u00edmicos:  http:\/\/hdl.handle.net\/10810\/42596<\/p>\n","protected":false},"excerpt":{"rendered":"<p>Cer\u00e1mica hallada en el yacimiento de Hospital Viejo , ubicado en Logro\u00f1o (La Rioja). Este yacimiento se excav\u00f3 en 2009 y posteriormente se realizaron varios trabajos arqueom\u00e9tricos. Cronolog\u00eda: 1500-1533 Tipolog\u00eda: Vidriado Estannifero Forma: Cuenco (Servicio de mesa) Grupo qu\u00edmico: TER Datos qu\u00edmicos: http:\/\/hdl.handle.net\/10810\/42596<\/p>\n","protected":false},"featured_media":1566,"template":"","meta":{"jetpack_post_was_ever_published":false},"product_cat":[77],"product_tag":[49],"jetpack_sharing_enabled":true,"_links":{"self":[{"href":"https:\/\/arkeomat.com\/index.php\/wp-json\/wp\/v2\/product\/2119"}],"collection":[{"href":"https:\/\/arkeomat.com\/index.php\/wp-json\/wp\/v2\/product"}],"about":[{"href":"https:\/\/arkeomat.com\/index.php\/wp-json\/wp\/v2\/types\/product"}],"wp:featuredmedia":[{"embeddable":true,"href":"https:\/\/arkeomat.com\/index.php\/wp-json\/wp\/v2\/media\/1566"}],"wp:attachment":[{"href":"https:\/\/arkeomat.com\/index.php\/wp-json\/wp\/v2\/media?parent=2119"}],"wp:term":[{"taxonomy":"product_cat","embeddable":true,"href":"https:\/\/arkeomat.com\/index.php\/wp-json\/wp\/v2\/product_cat?post=2119"},{"taxonomy":"product_tag","embeddable":true,"href":"https:\/\/arkeomat.com\/index.php\/wp-json\/wp\/v2\/product_tag?post=2119"}],"curies":[{"name":"wp","href":"https:\/\/api.w.org\/{rel}","templated":true}]}}